{"id":548,"date":"2016-06-26T17:06:23","date_gmt":"2016-06-26T15:06:23","guid":{"rendered":"http:\/\/mainzerstrasse.saarland\/wordpress\/?page_id=548"},"modified":"2018-06-29T22:56:41","modified_gmt":"2018-06-29T20:56:41","slug":"ueber-uns","status":"publish","type":"page","link":"https:\/\/mainzerstrasse.saarland\/wordpress\/ueber-uns\/","title":{"rendered":"\u00dcber uns"},"content":{"rendered":"<p><a href=\"http:\/\/mainzerstrasse.saarland\/wordpress\/wp-content\/uploads\/2016\/06\/Quartierskarte-SZ-Infografik.jpg\"><img loading=\"lazy\" decoding=\"async\" class=\"alignnone wp-image-550 size-medium\" src=\"http:\/\/mainzerstrasse.saarland\/wordpress\/wp-content\/uploads\/2016\/06\/Quartierskarte-SZ-Infografik-300x255.jpg\" alt=\"Quartierskarte SZ-Infografik\" width=\"300\" height=\"255\" srcset=\"https:\/\/mainzerstrasse.saarland\/wordpress\/wp-content\/uploads\/2016\/06\/Quartierskarte-SZ-Infografik-300x255.jpg 300w, https:\/\/mainzerstrasse.saarland\/wordpress\/wp-content\/uploads\/2016\/06\/Quartierskarte-SZ-Infografik-768x654.jpg 768w, https:\/\/mainzerstrasse.saarland\/wordpress\/wp-content\/uploads\/2016\/06\/Quartierskarte-SZ-Infografik.jpg 930w\" sizes=\"auto, (max-width: 300px) 100vw, 300px\" \/><\/a><\/p>\n<p>Der Verein Quartier Mainzer Stra\u00dfe e.V. ist ein Zusammenschluss von Haus- und Wohnungseigent\u00fcmern, Anwohnern, Dienstleistern, Gewerbetreibenden und Kulturschaffenden. Das Ziel der\u00a0Vereins &#8211; Aktivit\u00e4ten ist die Optimierung der Attraktivit\u00e4t des Quartiers.<\/p>\n<p>Die Lebensbedingungen seiner Bewohner und die Rahmenbedingungen der Eigent\u00fcmer und Gewerbetreibenden sollen verbessert werden &#8211; damit steigen auch die Bedeutung des Quartiers in der \u00d6ffentlichkeit und der Wert seiner baulichen Objekte. Im Quartier, das begrenzt wird von der Gro\u00dfherzog Friedrich-, der Bleich-, Bismarck-, Graf Johann-, Heinrich-B\u00f6cking- und Hellwigstra\u00dfe, leben \u00fcber 5.000 Menschen.<\/p>\n<p><a class=\"mybutton\" href=\"http:\/\/mainzerstrasse.saarland\/wordpress\/wp-content\/uploads\/2018\/05\/satzung.pdf\">Vereinssatzung<\/a><\/p>\n<p><a class=\"mybutton\" href=\"http:\/\/mainzerstrasse.saarland\/wordpress\/wp-content\/uploads\/2018\/06\/mitgliedsantrag.pdf\">Mitgliedsantrag<\/a><\/p>\n","protected":false},"excerpt":{"rendered":"<p>Der Verein Quartier Mainzer Stra\u00dfe e.V. ist ein Zusammenschluss von Haus- und Wohnungseigent\u00fcmern, Anwohnern, Dienstleistern, Gewerbetreibenden und Kulturschaffenden. Das Ziel der\u00a0Vereins &#8211; Aktivit\u00e4ten ist die Optimierung der Attraktivit\u00e4t des Quartiers. Die Lebensbedingungen seiner Bewohner und die Rahmenbedingungen der Eigent\u00fcmer und<span class=\"ellipsis\">&hellip;<\/span><\/p>\n<div class=\"read-more\"><a href=\"https:\/\/mainzerstrasse.saarland\/wordpress\/ueber-uns\/\">Weiterlesen &#8250;<\/a><\/div>\n<p><!-- end of .read-more --><\/p>\n","protected":false},"author":1,"featured_media":0,"parent":0,"menu_order":0,"comment_status":"closed","ping_status":"closed","template":"","meta":{"footnotes":""},"class_list":["post-548","page","type-page","status-publish","hentry"],"_links":{"self":[{"href":"https:\/\/mainzerstrasse.saarland\/wordpress\/wp-json\/wp\/v2\/pages\/548","targetHints":{"allow":["GET"]}}],"collection":[{"href":"https:\/\/mainzerstrasse.saarland\/wordpress\/wp-json\/wp\/v2\/pages"}],"about":[{"href":"https:\/\/mainzerstrasse.saarland\/wordpress\/wp-json\/wp\/v2\/types\/page"}],"author":[{"embeddable":true,"href":"https:\/\/mainzerstrasse.saarland\/wordpress\/wp-json\/wp\/v2\/users\/1"}],"replies":[{"embeddable":true,"href":"https:\/\/mainzerstrasse.saarland\/wordpress\/wp-json\/wp\/v2\/comments?post=548"}],"version-history":[{"count":11,"href":"https:\/\/mainzerstrasse.saarland\/wordpress\/wp-json\/wp\/v2\/pages\/548\/revisions"}],"predecessor-version":[{"id":2968,"href":"https:\/\/mainzerstrasse.saarland\/wordpress\/wp-json\/wp\/v2\/pages\/548\/revisions\/2968"}],"wp:attachment":[{"href":"https:\/\/mainzerstrasse.saarland\/wordpress\/wp-json\/wp\/v2\/media?parent=548"}],"curies":[{"name":"wp","href":"https:\/\/api.w.org\/{rel}","templated":true}]}}